- 2 + 1 + 0. Let z be s(0). Let h = z - -1. Let j(v) = -v + 2. Determine j(h).
2
Let g(h) be the first derivative of -h**2/2 - 5*h - 2. Let y = -6 + 0. What is g(y)?
1
Let s(w) = -w**3 + 4*w - 5. Let v(p) be the third derivative of -p**6/60 + p**5/60 + 7*p**4/24 - 3*p**3/2 - p**2. Let b(l) = 7*s(l) - 4*v(l). Give b(2).
-7
Let f(p) = 4*p**2 + 4*p + 1. Let q(d) be the second derivative of 5*d**4/12 + 2*d**3/3 - 4*d. Let g(n) = -3*f(n) + 2*q(n). Determine g(-2).
-3
Let a(w) = w**3 - 6*w**2 + 4*w - 1. Let l(b) = -b**3 + 5*b**2 + 7*b - 1. Let f be l(6). Suppose -2*u = -u - f. Give a(u).
-6
Let q(d) = -d**3 - d**2 - d - 1. Let n(h) = -9*h**3 - h**2 - 2*h - 3. Let f(z) = -n(z) + 2*q(z). Calculate f(1).
7
Let r(g) = -g**3 + 2*g**2 + 2*g. Suppose s - 5*s = -12. Determine r(s).
-3
Let b(p) be the second derivative of -p**5/20 + p**4/4 + p**3/3 + p**2/2 + p. Suppose 2*r + 25 = 5*a - r, -2*r = 5*a. Let m be 6 - a - (3 - 1). Give b(m).
9
Suppose -v + 0*v + 8 = 5*i, -4*i = -v - 1. Let y(k) = -3 + k**3 + 4*k - 5*k**2 + 2*k - k. Give y(v).
-6
Let w(c) be the second derivative of 4*c**3/3 - c**2/2 + 3*c. Let b be w(1). Let u(d) = -d**2 + 8*d - 1. What is u(b)?
6
Let a(p) = p**3 - 9*p**2 - 1. Let m be a(9). Let c(d) = 2*d**2 - 1. Determine c(m).
1
Suppose 2*w = 3*l + 7, -l = 2*w - w - 1. Let h(y) be the first derivative of y**2 - 22. Determine h(l).
-2
Let w(v) be the second derivative of v**5/20 + v**4/3 + v**3/6 - v**2 - 22*v + 1. Give w(-3).
4
Suppose 5*f - 4*l + 21 = 0, -5*f + 5*l - 14 = 11. Let o = f - -4. Let a(g) = g**2 - 4*g - 4. Calculate a(o).
-7
Let y(z) = z**2 - 1. Let n = 8 + -5. Suppose -18 = 3*b - 4*u - u, -3*u = -4*b - 13. Let v = n + b. Calculate y(v).
3
Let l(u) = -u**2 - 6*u + 5. Let g(w) = -w**2 + 5*w + 2. Let h be g(6). Let p = -11 - h. Calculate l(p).
-2
Suppose 39 - 31 = k. Let c(m) = -m**3 + 8*m**2 + 1. Give c(k).
1
Let h(p) = 4*p. Let q be 7/7 - (0 + 0). What is h(q)?
4
Let v = 39 - 32. Let o(s) = -s**3 + 8*s**2 - 5*s - 8. What is o(v)?
6
Suppose 10 = -5*s - 5. Let v be s + (-7)/2*-2. Let g be (-18)/(-3) - v/4. Let k(w) = w**3 - 6*w**2 + 4*w + 3. Calculate k(g).
-2
Let k = 140 + -144. Let a(z) = z**2 + 2*z - 5. Give a(k).
3
Suppose 25 = -5*s - 0*s. Let k(i) = -i**3 - 6*i**2 - 4*i - 3. Give k(s).
-8
Let m(v) = -v**3 + 4*v**2 + 8*v - 6. Suppose -2*c - 3*c + 25 = 0. Calculate m(c).
9
Let o(n) be the first derivative of 3/2*n**2 + 7*n - 4. Calculate o(-5).
-8
Let q(u) = u**2 + 4*u + 13. Let n(z) = -z**2 - 5*z - 12. Let g(p) = 5*n(p) + 4*q(p). What is g(-8)?
0
Let i(m) = -2*m**3 + 3*m - 3. Let b(n) be the third derivative of 0*n - n**3 + 4*n**2 - 1/24*n**4 + 0. Let v be b(-8). Give i(v).
-13
Let w(d) = -d**2 + d - 1. Let f(r) = -r**3 + 9*r**2 - 9*r + 5. Suppose 3*l + 12 = 27. Let k(a) = l*w(a) + f(a). What is k(3)?
-3
Suppose z - 1 = 3*a, -3*a - 4*z - 13 = 2*a. Let p be (-27)/(-18)*(3 - 1). Let s(l) = 1 - 6*l + 7*l + 3*l**3 + 3*l**3 - 5*l**p. Calculate s(a).
-1
Let b = -34 + 34. Let y(k) be the third derivative of -1/6*k**3 + 7/60*k**5 + 0*k + 1/24*k**4 + b - 4*k**2. What is y(1)?
7
Suppose 0 = -3*a + 84 - 63. Let b(i) = i**3 - 6*i**2 - 8*i + 5. Determine b(a).
-2
Let j(z) = -11*z + 1. Let a be (2/1)/(-2) - 3. Let m be 48/(-32)*a/6. Determine j(m).
-10
Let t = 26 + -28. Let p(n) = 7*n - 1. Let q(r) = r. Let l(m) = t*q(m) + p(m). Give l(2).
9
Suppose -3*z + 16 = -5*x, -12 = x - 4*z - z. Suppose 5*d - a + 3*a = 16, -4*d - 5*a + 23 = 0. Let p(i) = 2 - i + 5*i - i + d*i**2. Give p(x).
4
Let i(a) be the third derivative of -1/4*a**4 - 5/6*a**3 + 1/60*a**5 + 0 + 0*a - a**2. Suppose -66 = -7*w - 24. Calculate i(w).
-5
Let w(s) be the second derivative of s**5/120 - 5*s**4/24 + s**3 - 8*s. Let a(r) be the second derivative of w(r). Calculate a(5).
0
Let r(q) = q - 1. Let a(v) = -v**3 + 11*v**2 - 2. Let m be a(11). Let j be m + -3 - (1 + -2). Give r(j).
-5
Let b(a) = 4*a**3 + 4*a**2 + 3*a - 1. Let i(h) = h**3 + h**2 + h. Let y(w) = -b(w) + 3*i(w). What is y(0)?
1
Let z be (1 - 6)/((-7)/7). Let c(q) be the first derivative of -q**4/4 + 5*q**3/3 + 3*q + 3. Calculate c(z).
3
Let s = -6 + 1. Let i(z) = -z**3 - 4*z**2 + 5*z. Calculate i(s).
0
Suppose 22 = 2*v - 3*m + 2, 0 = 5*v - m - 24. Let j(y) = -y**2 + y + 4. Determine j(v).
-8
Let p(q) = -q**3 + 11*q**2 + q - 11. Let t = -27 + 38. Calculate p(t).
0
Let g(m) = -3*m - 6. Suppose t - 5*t = 24. Give g(t).
12
Suppose 0 = 4*z - 20. Let x(v) = v - 3. Let g be x(z). Let p(a) = a**3 - 4*a**2 - a + 2. Determine p(g).
-8
Let n(k) = -k**2 - 5*k + 3. Let h(q) = -q**2 + 8*q - 4. Let l be h(7). Let p be (2 + l)/((-2)/2). Calculate n(p).
3
Let n(b) = -55 + b**3 + b + 55 + 5*b**2. Give n(-5).
-5
Let q(g) be the first derivative of g**2 + 6*g + 26. Calculate q(-5).
-4
Suppose -3*i - 6 = 4*q + 5, 5*i + 5*q + 10 = 0. Let p(r) = -r**3 + 5*r**3 + 4 + 4*r**2 - i*r**3 - 5*r. Let y be 10*(35/10)/(-7). Determine p(y).
4
Suppose 4 = u + 2. Let z(r) = -11*r**2 + 8*r**2 + 3*r - 4 + 1. What is z(u)?
-9
Let d(o) be the third derivative of -o**7/2520 - 7*o**6/720 - o**4/4 - 5*o**2. Let s(c) be the second derivative of d(c). Calculate s(-7).
0
Let x(w) = w**2 - 11*w + 7. Let z be x(10). Let l(c) = c**3 - 4*c + 4. Let m(b) = b**2 + b. Let j(t) = z*m(t) - l(t). What is j(-4)?
8
Suppose 28 = 2*r + 4*y, 0 = -7*r + 3*r + y + 38. Let o(h) = -8*h - 4. Let i(u) = u. Let v(n) = r*i(n) + o(n). Determine v(3).
2
Let y(w) = -2*w + 15*w**2 - 35*w**2 + 19*w**2 + 1 + 4*w. Determine y(-4).
-23
Suppose 3*y = 6*y - 132. Suppose 1 = -h - a, 4*a - 13 = 5*h - y. Let t(o) = 3*o - 2*o**h - 4*o**2 - 2*o**3 - 3 + 5*o**3. Give t(3).
-3
Let h(v) = -51 + 55 + v**2 + 6*v - 2*v**2. Calculate h(7).
-3
Let c be 3/1 + (-10)/10. Let k(v) = -5 - 2*v - 2*v + 3*v + c*v. Determine k(6).
1
Let y(v) = -v**2 - 1. Let q(n) be the second derivative of -n**3/6 + n. Let j(g) = -3*q(g) - y(g). Calculate j(-1).
-1
Let d(h) = -3*h + 3 - 4*h - h**2 - 9*h + 18*h. Determine d(3).
0
Let p(f) = -f**3 + 6*f**2 - 7*f + 4. Suppose 3*i + 4 = -4*t + 20, -12 = -3*t - 2*i. Give p(t).
8
Let s(x) = 7*x**2 - x + 2. Let n(v) = 8*v**2 - v + 3. Let d(a) = -2*n(a) + 3*s(a). Let m be d(1). Let j(k) = 0*k - 6*k - 2 - m - k**2. Calculate j(-5).
-1
Let u(g) be the first derivative of g**4/4 + g**3 + 3*g**2/2 - 3*g - 26. What is u(-3)?
-12
Let n be (12/10)/(3/10). Let w = -2 + 4. Let m(t) = -n + w*t - t + 4. Give m(-1).
-1
Let g(w) = -w**2 - 1. Let n be g(-1). Let t(f) be the third derivative of -f**5/20 - f**4/8 - f**3/6 + 3*f**2. Determine t(n).
-7
Let b be 2*1 - 2/(-1). Suppose 0 = -3*o + b - 19. Let d(c) = 0 - 5*c + 3 + 2 + 4*c**2 + c**3. What is d(o)?
5
Suppose -4*g = g - 10. Let k(f) = -3*f**2 + 2*f - 3. Determine k(g).
-11
Let x(i) = -i**2 + i - 1. Let o(q) = q**2 + q - 1. Let p(n) = -o(n) + x(n). What is p(-2)?
-8
Let x(q) = -q**3 + 2*q**2 + 2*q - 1. Let y be (-1 + (1 - -3))/3. Let r = 2 + y. Give x(r).
-4
Let m(r) = 2*r**2 - r**2 + 0*r**2 - 2*r**2 - 3*r + 2 + r**3. Let p be 0 + -1*(0 + -2). Calculate m(p).
0
Let v(i) = 4*i - 12. Let g be v(5). Let n be 18/4 - g/16. Let b(z) = 5*z + 17. Let j(a) = -3*a - 9. Let s(d) = 4*b(d) + 7*j(d). Calculate s(n).
1
Let q(z) be the second derivative of -z**3/6 + 5*z**2 - 10*z. Give q(7).
3
Suppose 0 = -4*l - l + 50. Suppose l*j - 5*j = 0. Let w(q) = -2*q**2 - q - 7. Let o(n) = n**3 + n**2 + 1. Let k(f) = -o(f) - w(f). Give k(j).
6
Let f(k) = -5 + 0*k + 9*k + 2*k. Let h(j) = -10*j + 4. Let l(m) = 4*f(m) + 5*h(m). Determine l(-1).
6
Let t = 37 + -25. Let f be 15/t + 1/(-4). Let m(b) = f - b - 6 + 2. What is m(0)?
-3
Suppose f + 36 = 5*f. Suppose -3 = -3*a - f. Let p(x) = x**3 - x - 1. What is p(a)?
-7
Let l(h) be the first derivative of -h**4/4 - 2*h**3/3 - 2*h - 7. Determine l(-2).
-2
Let z = 6 + -7. Let u(g) = -4*g - 1. Determine u(z).
3
Let j(t) = -t**3 - 7*t**2 + t + 8. Let b be j(-7). Let v(z) = 5*z**3. Calculate v(b).
5
Let p(o) = -o**3 - 4*o**2. Suppose 0 = -2*i + 3 + 3. Suppose 4*l + 19 = -i*s, -2*s + 4*s + 2 = 0. Let m be p(l). Let q(y) = y**3 - y**2 + 2. Give q(m).
2
Let o(x) = -7*x**3 + 12*x**2 + 11*x - 11. Let r(l) = 10*l**3 - 18*l**2 - 16*l + 17. Let w(f) = 7*o(f) + 5*r(f). Let v be 6/(2*(-3)/(-6)). What is w(v)?
-10
Let f be (-105)/(-25) + 1/(-5). Suppose 3*c = f*c + 3. Let r(d) be the third derivative of -d**6/120 - d**5/60 + d**4/6 - d**3/6